{"id":462,"date":"2017-11-14T18:51:34","date_gmt":"2017-11-14T21:51:34","guid":{"rendered":"https:\/\/jucum.ar\/wordpress\/?page_id=462"},"modified":"2017-11-14T19:13:42","modified_gmt":"2017-11-14T22:13:42","slug":"yomarchoporjesus","status":"publish","type":"page","link":"https:\/\/jucum.ar\/en\/yomarchoporjesus\/","title":{"rendered":"YoMarchoPorJesus"},"content":{"rendered":"<div id=\"comp-irni0fny\" class=\"txtNew\">\n<h2><img loading=\"lazy\" decoding=\"async\" class=\"alignnone size-full wp-image-465\" src=\"https:\/\/jucum.ar\/wordpress\/wp-content\/uploads\/2017\/11\/PORTADA-MARCHO-POR-JESUS.jpg\" alt=\"\" width=\"851\" height=\"315\" \/><\/h2>\n<h2 class=\"font_2\">Marcho\u00c2\u00a0Por\u00c2\u00a0Jesus<\/h2>\n<h2 class=\"font_2\">Argentina 2017<\/h2>\n<\/div>\n<div id=\"comp-irni0fo2\" class=\"txtNew\">\n<p class=\"font_8\">Este tiempo\u00c2\u00a0ha sido\u00c2\u00a0muy especial para la iglesia de Cristo en Argentina, y el sentir\u00c2\u00a0es poder terminar el a\u00c3\u00b1o moviliz\u00c3\u00a1ndonos hacia un solo punto de nuestra Naci\u00c3\u00b3n para adorar, cantar y orar por nuestro amado pa\u00c3\u00ads.<\/p>\n<p class=\"font_8\">Marcharemos las diferentes iglesias, organizaciones y ministerios nos encolumnaremos bajo\u00c2\u00a0el nombre de JES\u00c3\u0161S, mostrando a toda la sociedad las m\u00c3\u00baltiples formas en las que compartimos lo que Dios en nuestras vidas, llevando una sola bandera: su amor.<\/p>\n<p class=\"font_8\">La convocatoria ser\u00c3\u00a1 el s\u00c3\u00a1bado 25 de noviembre a las 16 horas en la intersecci\u00c3\u00b3n de Avenida 9 de Julio e Av. Independencia. Desde all\u00c3\u00ad caminaremos hasta la Plaza del Congreso donde viviremos un cierre con una gran\u00c2\u00a0celebraci\u00c3\u00b3n a cielo abierto, a partir de las 17:30\u00c2\u00a0hs. hasta las 20hs.<\/p>\n<p class=\"font_8\">La movilizaci\u00c3\u00b3n est\u00c3\u00a1 enmarcada en los festejos\u00c2\u00a0por\u00c2\u00a0los 500 a\u00c3\u00b1os de la Reforma, por eso\u00c2\u00a0con m\u00c3\u00a1s fuerza tocamos la trompeta del Se\u00c3\u00b1or para reunirnos y\u00c2\u00a0vivir una jornada masiva de movilizaci\u00c3\u00b3n en las calles.<\/p>\n<p class=\"font_8\">\u00e2\u20ac\u2039Hoy es nuestra oportunidad de unirnos y marchar por una Argentina transformada por el amor de Dios.\u00c2\u00a0\u00c2\u00a1No te quedes afuera!\u00c2\u00a0Suma tu iglesia y ministerio para recibir m\u00c3\u00a1s noticias y conocer todos los detalles para ser parte de esta marcha que marcara la historia de Argentina.<\/p>\n<p class=\"font_8\"><span class=\"wixGuard\">\u00e2\u20ac\u2039<\/span>La Marcha se realizo\u00c2\u00a0en Argentina por primera vez\u00c2\u00a0el 25 de Junio de 1994 cuando miles de cristianos\u00c2\u00a0en varias provincias se movilizaron para levantar por primera vez el nombre de Jesus en las calles de mas de 10 provincias en forma simult\u00c3\u00a1nea. Esta Marcha fue iniciada en Londres en 1987 denominada &#8220;March For Jesus&#8221;. Fue creada por Roger Foster y Graham Kendrick y Lynn Green del Movimiento Jucum.<\/p>\n<p class=\"font_8\"><span class=\"wixGuard\">\u00e2\u20ac\u2039<\/span>La Marcha es apoyada e impulsada por las Iglesia Evang\u00c3\u00a9licas de la Republica Argentina y consejos pastorales de toda Argentina.<\/p>\n<\/div>\n<p><script>\n  window.fbAsyncInit = function() {\n    FB.init({\n      appId      : '289026251609494',\n      cookie     : true,\n      xfbml      : true,\n      version    : 'v2.11'\n    });<\/p>\n<p>    FB.AppEvents.logPageView();   <\/p>\n<p>  };<\/p>\n<p>  (function(d, s, id){\n     var js, fjs = d.getElementsByTagName(s)[0];\n     if (d.getElementById(id)) {return;}\n     js = d.createElement(s); js.id = id;\n     js.src = \"https:\/\/connect.facebook.net\/en_US\/sdk.js\";\n     fjs.parentNode.insertBefore(js, fjs);\n   }(document, 'script', 'facebook-jssdk'));\n<\/script><\/p>\n<p><fb:login-button \n  scope=\"public_profile,email\"\n  onlogin=\"checkLoginState();\"><br \/>\n<\/fb:login-button><\/p>\n","protected":false},"excerpt":{"rendered":"<p>Marcho\u00c2\u00a0Por\u00c2\u00a0Jesus Argentina 2017 Este tiempo\u00c2\u00a0ha sido\u00c2\u00a0muy especial para la iglesia de Cristo en Argentina, y el sentir\u00c2\u00a0es poder terminar el a\u00c3\u00b1o moviliz\u00c3\u00a1ndonos hacia un solo punto de nuestra Naci\u00c3\u00b3n para adorar, cantar y orar por nuestro amado pa\u00c3\u00ads. Marcharemos las diferentes iglesias, organizaciones y ministerios nos encolumnaremos bajo\u00c2\u00a0el nombre de JES\u00c3\u0161S, mostrando a toda la [&hellip;]<\/p>\n","protected":false},"author":1,"featured_media":0,"parent":0,"menu_order":0,"comment_status":"closed","ping_status":"closed","template":"","meta":{"_et_pb_use_builder":"","_et_pb_old_content":"","_et_gb_content_width":"","footnotes":""},"class_list":["post-462","page","type-page","status-publish","hentry"],"_links":{"self":[{"href":"https:\/\/jucum.ar\/en\/wp-json\/wp\/v2\/pages\/462","targetHints":{"allow":["GET"]}}],"collection":[{"href":"https:\/\/jucum.ar\/en\/wp-json\/wp\/v2\/pages"}],"about":[{"href":"https:\/\/jucum.ar\/en\/wp-json\/wp\/v2\/types\/page"}],"author":[{"embeddable":true,"href":"https:\/\/jucum.ar\/en\/wp-json\/wp\/v2\/users\/1"}],"replies":[{"embeddable":true,"href":"https:\/\/jucum.ar\/en\/wp-json\/wp\/v2\/comments?post=462"}],"version-history":[{"count":6,"href":"https:\/\/jucum.ar\/en\/wp-json\/wp\/v2\/pages\/462\/revisions"}],"predecessor-version":[{"id":470,"href":"https:\/\/jucum.ar\/en\/wp-json\/wp\/v2\/pages\/462\/revisions\/470"}],"wp:attachment":[{"href":"https:\/\/jucum.ar\/en\/wp-json\/wp\/v2\/media?parent=462"}],"curies":[{"name":"wp","href":"https:\/\/api.w.org\/{rel}","templated":true}]}}

<div id="comp-irni0fny" class="txtNew">
<h2><img loading="lazy" decoding="async" class="alignnone size-full wp-image-465" src="https://jucum.ar/wordpress/wp-content/uploads/2017/11/PORTADA-MARCHO-POR-JESUS.jpg" alt="" width="851" height="315" /></h2>
<h2 class="font_2">MarchoÂ PorÂ Jesus</h2>
<h2 class="font_2">Argentina 2017</h2>
</div>
<div id="comp-irni0fo2" class="txtNew">
<p class="font_8">Este tiempoÂ ha sidoÂ muy especial para la iglesia de Cristo en Argentina, y el sentirÂ es poder terminar el aÃ±o movilizÃ¡ndonos hacia un solo punto de nuestra NaciÃ³n para adorar, cantar y orar por nuestro amado paÃ­s.</p>
<p class="font_8">Marcharemos las diferentes iglesias, organizaciones y ministerios nos encolumnaremos bajoÂ el nombre de JESÃšS, mostrando a toda la sociedad las mÃºltiples formas en las que compartimos lo que Dios en nuestras vidas, llevando una sola bandera: su amor.</p>
<p class="font_8">La convocatoria serÃ¡ el sÃ¡bado 25 de noviembre a las 16 horas en la intersecciÃ³n de Avenida 9 de Julio e Av. Independencia. Desde allÃ­ caminaremos hasta la Plaza del Congreso donde viviremos un cierre con una granÂ celebraciÃ³n a cielo abierto, a partir de las 17:30Â hs. hasta las 20hs.</p>
<p class="font_8">La movilizaciÃ³n estÃ¡ enmarcada en los festejosÂ porÂ los 500 aÃ±os de la Reforma, por esoÂ con mÃ¡s fuerza tocamos la trompeta del SeÃ±or para reunirnos yÂ vivir una jornada masiva de movilizaciÃ³n en las calles.</p>
<p class="font_8">â€‹Hoy es nuestra oportunidad de unirnos y marchar por una Argentina transformada por el amor de Dios.Â Â¡No te quedes afuera!Â Suma tu iglesia y ministerio para recibir mÃ¡s noticias y conocer todos los detalles para ser parte de esta marcha que marcara la historia de Argentina.</p>
<p class="font_8"><span class="wixGuard">â€‹</span>La Marcha se realizoÂ en Argentina por primera vezÂ el 25 de Junio de 1994 cuando miles de cristianosÂ en varias provincias se movilizaron para levantar por primera vez el nombre de Jesus en las calles de mas de 10 provincias en forma simultÃ¡nea. Esta Marcha fue iniciada en Londres en 1987 denominada &#8220;March For Jesus&#8221;. Fue creada por Roger Foster y Graham Kendrick y Lynn Green del Movimiento Jucum.</p>
<p class="font_8"><span class="wixGuard">â€‹</span>La Marcha es apoyada e impulsada por las Iglesia EvangÃ©licas de la Republica Argentina y consejos pastorales de toda Argentina.</p>
</div>
<p><script>
  window.fbAsyncInit = function() {
    FB.init({
      appId      : '289026251609494',
      cookie     : true,
      xfbml      : true,
      version    : 'v2.11'
    });</p>
<p>    FB.AppEvents.logPageView();   </p>
<p>  };</p>
<p>  (function(d, s, id){
     var js, fjs = d.getElementsByTagName(s)[0];
     if (d.getElementById(id)) {return;}
     js = d.createElement(s); js.id = id;
     js.src = "https://connect.facebook.net/en_US/sdk.js";
     fjs.parentNode.insertBefore(js, fjs);
   }(document, 'script', 'facebook-jssdk'));
</script></p>
<p><fb:login-button 
  scope="public_profile,email"
  onlogin="checkLoginState();"><br />
</fb:login-button></p>

<p>MarchoÂ PorÂ Jesus Argentina 2017 Este tiempoÂ ha sidoÂ muy especial para la iglesia de Cristo en Argentina, y el sentirÂ es poder terminar el aÃ±o movilizÃ¡ndonos hacia un solo punto de nuestra NaciÃ³n para adorar, cantar y orar por nuestro amado paÃ­s. Marcharemos las diferentes iglesias, organizaciones y ministerios nos encolumnaremos bajoÂ el nombre de JESÃšS, mostrando a toda la [&hellip;]</p>
